0
Let x = 22 - 20. Let o(g) = -2*g - 16*g**2 - 1 + 15*g**2 + 3*g**2 + 2*g**x - g**3. Determine o(2).
3
Let c = -1444 + 1437. Let m(d) be the first derivative of d**4/4 + 7*d**3/3 - d**2 + 9*d - 4. Calculate m(c).
23
Let o(k) = -3 - 12 + k + 23. Suppose -10*d + 66 = 236. Calculate o(d).
-9
Let t(g) = -g**2 + 8*g + 3. Let n(d) = 331*d**3 - 2*d**2 - 5*d + 6. Let i be n(1). Let j = i - 324. Determine t(j).
15
Let m(v) = v + 12. Let u be m(-5). Let l(n) = -n**2 + 2*n - 1. Let w(q) = 6*q**2 - 5*q - 2. Let o(j) = 7*l(j) + w(j). Calculate o(u).
5
Let t = -80 - -80. Suppose -4*u - 15 + 23 = t. Suppose 5*c - 33 = u. Let l(v) = -v**3 + 6*v**2 + 9*v - 8. Determine l(c).
6
Let h(s) = -639*s + 33. Let j(f) = -152*f + 8. Let p(v) = -5*h(v) + 21*j(v). Suppose -5*a = 3 + 7. Give p(a).
-3
Suppose 21 = -6*k - 21. Let r(j) = -1. Let c(b) = b**2 - 2. Let p(d) = k*r(d) + 2*c(d). Let w(i) be the first derivative of p(i). Give w(-3).
-12
Let q(z) = 17*z + 127. Let u be -14 - 105/30*-2. Determine q(u).
8
Let b(s) = -s**3 + s**2 - 3*s + 3. Let k(p) = p**3 - 2*p**2 + 3*p - 2. Let z(y) = 3*b(y) + 4*k(y). Suppose -4*f + 26 + 6 = 0. Let v = f + -5. Determine z(v).
-8
Let z(f) = 5*f + 27. Let k = -7313 - -7319. What is z(k)?
57
Suppose -v - v + 4*v = v. Let w(s) = s + 28. Give w(v).
28
Let b(y) = -8*y**3 + 462*y**2 + 87*y + 44. Let j(a) = 3*a**3 - 169*a**2 - 29*a - 15. Let x(p) = 4*b(p) + 11*j(p). Calculate x(5).
6
Let q(b) = -4*b - 20. Let u be q(-10). Suppose u = 3*m - 1. Let z(r) = -2*r - 2*r - 5*r - m - r**2. Give z(-5).
13
Let x(l) = l + 7. Let b = 421 + -410. Suppose -2*q + b = -z, z - 16 = -4*q - 3*z. Give x(q).
12
Let g(q) = -14*q - 7. Let m be g(-4). Suppose 0 = m*z - 48*z - 6. Let i(p) be the second derivative of p**4/12 - 4*p**3/3 + 4*p**2 + 6*p. Calculate i(z).
-4
Let s(f) = -f**3 - 5*f**2 - 2*f + 2. Suppose -16*v = -23*v + 14. Suppose 0 = 5*j - 20, 0 = 9*h - 5*h + v*j. Calculate s(h).
-6
Let y(l) be the second derivative of -l**5/20 - l**4/12 + l**2 + 4*l. Let f(m) = -42*m - 90. Let j be f(-9). Let n be (-6)/(-15) + (j/30)/6. Determine y(n).
-10
Let v(i) = -i**2 - i - 72*i**3 + 68*i**3 + 0*i**2. Suppose -85*k + 169 - 535 = -268*k. Give v(k).
-38
Let j(t) = -143 + 283 - t**3 - 142 + t. Let a(y) = y**2 + 7*y + 1. Let v be a(-7). Let l = v + -1. Determine j(l).
-2
Let r(k) = -5*k - 1. Suppose 10 + 8 = 6*a. Suppose 4*f = 2*h - 3*h + 21, -5*f + a*h + 5 = 0. Suppose 4*c - 16 = f*i, -5*i - c = -0*c - 10. Determine r(i).
-6
Suppose 0 = -9*c - c - 30. Let d = 10 + -15. Let y(p) = 5*p**2 + 3*p - 2. Let r(g) = 4*g**2 + 2*g - 2. Let l(q) = d*y(q) + 6*r(q). What is l(c)?
-2
Suppose u - 18*u = -68. Let l(k) = 16 + 21 - 36 + u*k. Calculate l(-1).
-3
Let s(p) = -1240*p + 2477*p + 28 - 1231*p. Determine s(-9).
-26
Let k(j) = j**2 + 3*j - 2. Let g be k(1). Let b(x) = -g*x - 2*x - x + 4*x + 2. Suppose 2*i + 2*i = 24. Give b(i).
-4
Suppose -177 = 2*b - 5*b - v, 2*v = -4*b + 236. Suppose b = -5*u - 156. Let k = -37 - u. Let n(x) = -x**2 + 8*x - 2. Give n(k).
10
Let d(a) be the first derivative of -1/2*a**2 - 36*a - 1/6*a**3 - 2 + 1/4*a**4. Let f(r) be the first derivative of d(r). Give f(2).
9
Let m(z) = -3*z + 2. Let d(f) = 8*f - 69. Let h(k) = d(k) + 5*m(k). What is h(-7)?
-10
Let x(z) = 2*z**3 - 469886*z + 7 + 469895*z - 7*z**3 + z**2. Give x(-1).
4
Let q(v) = -v - 7. Let k be q(-8). Let i(t) = -9*t**3 + 3*t**2 - 1. Calculate i(k).
-7
Suppose -21 - 25 = -3*k - 5*o, -2*o = -2*k + 20. Suppose -5*w + 9*w = k. Let v(u) = -u**2 + 5*u - 3. Let b be v(w). Let l(j) = -j - 2. Calculate l(b).
-5
Let c be 32/10 + 4/(-20). Suppose 0*b + 2*b + 5*k = -21, 4*k = c*b + 20. Let y(q) be the third derivative of q**4/12 + 3*q**3/2 + 13*q**2. What is y(b)?
-7
Let f(b) = -b**3 - 6*b**2 + 7*b - 3. Let l be 43 + -1 + (1 - 0). Let u(n) = -11*n**2 + 11*n + 16. Let x be u(-2). Let q = x + l. Give f(q).
-3
Let s = 3642 + -3632. Let o(w) = -w**3 + 9*w**2 + 10*w + 9. Give o(s).
9
Let h(g) = 426*g**2 + 40 + 6*g - 2*g**3 + 3*g**3 + 0*g**3 - 435*g**2 - 23. What is h(8)?
1
Let w = -20 - -23. Let s(z) = -w + z**2 + 39*z - 16*z - z**3 - 18*z. Let b = 35 + -32. Determine s(b).
-6
Let n(d) = -2*d**3 + 3*d**2 + 4*d - 4. Suppose 0 = -4*o + 3*s - 15, 0*o - o + 9 = -5*s. Let t be o + 5 + -2 - -6. Determine n(t).
-19
Let x = 20 + -15. Let m be ((-26)/(-13))/(2/x). Suppose m*t + 5*q + 5 = 0, 2*q + 3 + 5 = 0. Let y(b) = -b**3 + b**2 + 2. What is y(t)?
-16
Let f(j) = -j**2 + 7*j. Let i(x) = x**3 + 10*x**2 + 8*x - 1. Let s = -140 + 298. Suppose -s = -b - 167. Let v be i(b). Determine f(v).
-8
Suppose 0 = 5*g - 31 + 1. Let d(a) = -a**3 - 9 + g*a**2 - 5*a**2 - a + 0*a**3. Let n be -2 + 3 + -5 + 4. What is d(n)?
-9
Let h = 599 - 598. Let c(m) = -3 - h - 6 + 0 + m + 3. Give c(-6).
-13
Let q(j) = -46*j**2 + 8*j + 42 - 41*j**2 + 4 + 88*j**2 + 18*j. Give q(-26).
46
Suppose 5*k - 38 = -3*s, -8*s = -2*k - 4*s - 16. Let p(b) = -16*b + 6. Calculate p(k).
-58
Let m = -34863 - -34859. Let f(a) = -3*a**3 + 6*a**2 - 1. Let u(i) = 4*i**3 - 6*i**2 + i + 2. Let n(b) = -5*f(b) - 4*u(b). What is n(m)?
-19
Let x(a) = a**3 + a**2 + 2*a + 2. Suppose s = -3*d + 12, 3*s + 14 = 7*d - 6*d. Let h be -5 - (s + -3 - -5) - -2. Calculate x(h).
-6
Let k(o) = 4*o**2 + 30*o. Suppose -j + 28 = -4*g, -4*g - 99*j - 28 = -97*j. Give k(g).
-14
Let l(y) = 1571 + 3*y - 782 - 764. Calculate l(-11).
-8
Let z(r) be the first derivative of -4*r**3/3 + 5*r**2/2 - 5*r + 891. Determine z(4).
-49
Let l(z) be the third derivative of -150*z**2 + 0 + 0*z - 7/6*z**3 + 1/24*z**4. Determine l(-6).
-13
Let l(s) = -s**2 + 10*s - 4. Let q be l(7). Suppose -5*x = -j - 14, 2*x + q = 6*x + 5*j. Let b(k) = -x*k**3 + 12*k - k - 1 - k**2 - 13*k. Give b(-1).
3
Let g(a) = -a**2 - 21*a - 28. Suppose 135*f - 1137 = -3837. What is g(f)?
-8
Let r(v) be the second derivative of v**4/12 + 5*v**3/6 - 9*v**2 + 170*v. Let u be 3 + -8 - (2 - -1). Give r(u).
6
Let j(m) be the third derivative of -m**4/8 + m**3/6 + 2*m**2. Let x = -499 - -549. Suppose x*y = 17*y - 33. Determine j(y).
4
Let s(m) = -11*m**3 + 64*m**2 + 16*m + 2. Let i(u) = -25*u**3 + 141*u**2 + 31*u + 3. Let g(q) = 4*i(q) - 9*s(q). What is g(-10)?
-6
Let d(m) = -4*m - 3. Suppose -40 = -5*b - 5*u, 63*b + 4 = 60*b + 4*u. Determine d(b).
-19
Let j(p) = -3*p**2 + 16 + 119*p**3 - 3*p - 17 - 118*p**3. Suppose 16 = 11*h - 7*h. What is j(h)?
3
Let w(j) = -154*j - 20846 + 148*j + 20862. What is w(5)?
-14
Let t(y) = 24*y**3 + y**2. Let c(u) = -119*u**3 - 4*u**2 + 39*u + 6. Let q(a) = c(a) + 5*t(a). What is q(0)?
6
Let l = 14 + -12. Suppose n + l*u - 7 = 0, n - 2*u = 6*n - 35. Let i(x) = -6*x - 2*x - n*x**2 - 4 + 4*x**3 - 3*x**3. Calculate i(8).
-4
Let j(w) = -2*w - 12. Let n = 183 + -179. Suppose 0*q + 4*q = 4*z - 20, 0 = 2*q - n*z + 6. Give j(q).
2
Suppose 0 = -3*b + 15, 2*b - 60 = l - 3*l. Let v = 55 - l. Let m be (4/12)/((-2)/v). Let d(a) = -a - 4. What is d(m)?
1
Suppose 0 = 10*i - 7*i + 3*j - 51, 0 = -i + 5*j + 17. Let l(v) = v**2 - 11*v - 2. What is l(i)?
100
Suppose 107*o - 19 = b + 109*o, 28 = -4*o. Let g(j) = 0*j + 5*j - j - 2 - j. Calculate g(b).
-17
Let k(y) = -4*y - 10. Let f be k(-1). Let l be f*(3/(-9))/((-2)/6). Let n(i) = -i - 2*i + 4*i + 2. Calculate n(l).
-4
Let x(g) = 3*g**3 + g**2 - g - 2. Let i = 215 + -207. Suppose 29*m + 37 = i. Determine x(m).
-3
Let w(q) = q**2 - 5*q + 5. Let r(x) = 29*x**2 + 26*x**2 - 4 - 53*x**2 + 2*x. Let u be r(-4). Suppose h - 5*v = 5*h - 23, -v = 3*h - u. Determine w(h).
19
Let k be ((-3)/15)/((-128)/3200). Let y(x) be the first derivative of x**4/4 - 2*x**3 + 2*x**2 - x + 1. Calculate y(k).
-6
Suppose 5*y + k + 48 = 0, -3*y - 2*k = -5 + 38. Let h(s) be the second derivative of s**3/6 + 7*s**2/2 - 2*s. What is h(y)?
-2
Let g(o) be the first derivative of -o**4/4 + 2*o**3 + 3*o**2 + 5*o + 89415. Suppose 2*u = 7*u - 10. Let i be (u - 1)*14/2. Give g(i).
-2
Let j(k) be the first derivative of -1/4*k**4 + 0*k**2 - k + 6 + 1/3*k**3. Let c(b) = -2*b**3 + b**2 + b - 3. Let w(q) = 2*c(q) - 6*j(q). What is w(2)?
4
Let d(i) = -i**3 + 12*i**2 + 4*i - 12. Let h be d(12). Let t be 56/72 + (-8)/(-36). Let v(z) = -t - 1 + h*z - 38*z. Give v(-7).
12
Let k(p) = 9 - 3*p**2 - 4*p**2 - p**3 + 855*p - 860*p. What is k(-4)?
-19
Let j be -9*((-8)/12)/(-1). Suppose 0*x + 2*z - 28 = -x, -31 = -x - z. Let f(h) = x - 20 -